
Calculate the highest common divisor of 241401 and 201.
201
What is the greatest common factor of 2664 and 9472?
296
What is the highest common divisor of 1298 and 10856?
118
Calculate the highest common factor of 1641 and 486.
3
Calculate the greatest common divisor of 3157192 and 152.
152
What is the highest common divisor of 539750 and 510?
170
Calculate the greatest common divisor of 66 and 157278.
66
What is the greatest common factor of 5295 and 490317?
1059
What is the highest common factor of 31014 and 396?
18
Calculate the greatest common divisor of 4922 and 2140.
214
Calculate the highest common divisor of 996640 and 320.
160
Calculate the highest common divisor of 8 and 178370.
2
Calculate the highest common factor of 5069518 and 74.
74
Calculate the highest common factor of 133397 and 1809.
67
What is the highest common divisor of 2146 and 13394?
74
Calculate the greatest common divisor of 16050 and 90.
30
What is the highest common factor of 2023 and 96815?
289
Calculate the greatest common divisor of 2103 and 429713.
701
What is the greatest common factor of 49808 and 176?
176
Calculate the greatest common factor of 900 and 45975.
75
Calculate the greatest common factor of 1278 and 678.
6
Calculate the highest common divisor of 169 and 1521.
169
Calculate the greatest common factor of 60 and 4500330.
30
What is the highest common factor of 132815 and 505?
505
Calculate the greatest common factor of 2430 and 7650.
90
What is the highest common divisor of 240 and 54?
6
Calculate the highest common factor of 646 and 443258.
34
What is the highest common factor of 4478 and 122?
2
Calculate the greatest common factor of 12912 and 136652.
1076
Calculate the highest common divisor of 12546 and 1230.
246
Calculate the greatest common factor of 16160 and 707.
101
Calculate the highest common divisor of 6120 and 493.
17
What is the greatest common divisor of 33 and 1137587?
11
Calculate the highest common divisor of 3825936 and 163.
163
What is the highest common factor of 1503 and 49098?
501
Calculate the highest common factor of 259 and 48692.
259
What is the highest common divisor of 3005 and 95559?
601
What is the highest common divisor of 18247 and 2827?
257
What is the greatest common factor of 275377 and 11873?
383
What is the highest common factor of 81 and 515403?
81
What is the greatest common divisor of 159959 and 103?
103
What is the highest common divisor of 8750 and 750?
250
Calculate the highest common divisor of 12542 and 12.
2
What is the greatest common divisor of 4081540 and 4?
4
What is the greatest common factor of 357850 and 1700?
850
What is the greatest common divisor of 2678 and 35191?
13
Calculate the greatest common divisor of 65 and 247897.
13
What is the highest common divisor of 3186 and 2409678?
1062
Calculate the greatest common divisor of 970 and 191090.
970
Calculate the greatest common divisor of 498 and 12934.
2
What is the greatest common divisor of 225 and 326115?
45
What is the greatest common factor of 1275 and 5457?
51
What is the greatest common factor of 48752 and 352?
176
What is the greatest common divisor of 72 and 944184?
24
Calculate the greatest common divisor of 119 and 60044.
17
What is the highest common divisor of 238 and 4886?
14
What is the greatest common factor of 1722 and 3150?
42
Calculate the greatest common divisor of 3302 and 111969.
13
What is the highest common factor of 47594 and 11766?
106
What is the greatest common factor of 953505 and 70?
35
Calculate the highest common divisor of 7239 and 27.
3
Calculate the highest common factor of 256 and 104.
8
Calculate the greatest common factor of 69 and 2643643.
23
Calculate the highest common divisor of 11 and 51601.
11
What is the highest common factor of 11651 and 1159?
61
Calculate the highest common factor of 380 and 26600.
380
What is the greatest common factor of 59912 and 8?
8
Calculate the highest common divisor of 102 and 85731.
51
What is the greatest common factor of 10 and 133670?
10
Calculate the highest common factor of 65088 and 81.
9
What is the greatest common divisor of 1235 and 13?
13
What is the highest common factor of 336 and 22158?
6
What is the greatest common divisor of 271561 and 23?
23
Calculate the greatest common factor of 3432 and 12408.
264
Calculate the greatest common factor of 2 and 90106.
2
Calculate the highest common divisor of 102006 and 150.
6
What is the highest common divisor of 601302 and 234?
78
Calculate the highest common factor of 15 and 5195.
5
What is the greatest common divisor of 616 and 138292?
308
What is the highest common divisor of 6 and 19974?
6
Calculate the greatest common factor of 12 and 578148.
12
Calculate the highest common factor of 341 and 2563.
11
What is the greatest common factor of 635 and 7695565?
635
What is the highest common factor of 113814 and 1413?
9
What is the highest common divisor of 2738145 and 659?
659
What is the greatest common factor of 91124 and 114?
38
What is the highest common divisor of 109739 and 854?
427
What is the greatest common divisor of 2985 and 2235?
15
Calculate the greatest common divisor of 133 and 235087.
19
What is the greatest common divisor of 148404 and 1992?
996
Calculate the highest common factor of 13638477 and 498.
249
What is the highest common factor of 180 and 33030?
90
What is the greatest common factor of 25068 and 36?
12
What is the highest common factor of 35310 and 1650?
330
Calculate the highest common divisor of 4025 and 75.
25
Calculate the highest common divisor of 90 and 114705.
45
Calculate the highest common divisor of 54 and 1146.
6
What is the highest common divisor of 832 and 3232?
32
What is the highest common divisor of 349785 and 45?
45
Calculate the highest common divisor of 7218 and 198.
18
Calculate the greatest common factor of 187686 and 18.
18
What is the greatest common divisor of 1984009 and 314?
157
Calculate the highest common factor of 18 and 1588662.
18
What is the greatest common factor of 66154 and 78430?
682
What is the highest common divisor of 15128 and 8432?
248
What is the greatest common factor of 40304 and 88?
88
Calculate the greatest common factor of 76 and 92492.
76
What is the greatest common divisor of 514368 and 188?
188
What is the highest common divisor of 24 and 78?
6
Calculate the greatest common divisor of 201 and 325419.
201
What is the greatest common factor of 40710 and 105?
15
Calculate the greatest common factor of 34770 and 2928.
366
Calculate the greatest common factor of 286 and 2838.
22
What is the greatest common divisor of 573420 and 19?
19
Calculate the highest common divisor of 39 and 221.
13
What is the highest common divisor of 31878 and 83559?
483
Calculate the greatest common factor of 76 and 8320100.
76
What is the greatest common factor of 1057 and 325103?
151
What is the highest common divisor of 26 and 1176643?
13
Calculate the highest common factor of 20655 and 11815.
85
What is the greatest common factor of 700 and 460?
20
What is the highest common factor of 8205 and 21585?
15
What is the highest common divisor of 1095468 and 429?
33
What is the greatest common factor of 290 and 1890?
10
Calculate the greatest common factor of 1593 and 4401.
27
What is the greatest common factor of 78 and 1586364?
78
Calculate the highest common divisor of 7524 and 214.
2
Calculate the highest common divisor of 654 and 16926.
6
Calculate the greatest common divisor of 12436 and 8.
4
Calculate the highest common factor of 351956 and 20064.
836
Calculate the greatest common divisor of 9770 and 1.
1
What is the greatest common factor of 42 and 18368?
14
What is the highest common divisor of 24 and 124808?
8
Calculate the greatest common divisor of 385332 and 3260.
652
Calculate the highest common factor of 26427 and 1242.
69
Calculate the greatest common factor of 910 and 17885.
35
What is the greatest common factor of 80940 and 60?
60
Calculate the highest common divisor of 24552 and 6840.
72
What is the highest common factor of 203 and 2086?
7
Calculate the greatest common divisor of 5264 and 940.
188
Calculate the highest common divisor of 99 and 376020.
9
Calculate the greatest common divisor of 96 and 88824.
24
Calculate the highest common divisor of 487